15. What are the prime factors of y?
13
Let s be (-1 + -84)/1 - 2. Let p = -59 - s. What are the prime factors of p?
2, 7
Let l be (4/6)/((-5)/(-285)). Suppose l = 4*j - 110. List the prime factors of j.
37
Suppose -5*r + 12 = 4*h, 0*r = -4*h + 2*r + 40. Let n(v) = v. List the prime factors of n(h).
2
Let g(o) = 25*o**3 + o**2. Let t be g(-1). Let s = 13 + t. List the prime factors of -1 - (1 + -3 + s).
2, 3
Let d(n) = n**2 + 6*n - 7. Let i be d(-9). Let v = i - 7. List the prime factors of v.
13
Let g = 6 + -2. Let m be (-2)/(-4)*g - 13. Let a = -8 - m. What are the prime factors of a?
3
Let a = 7 - 7. Let k = 0 + a. Suppose 3*s - 55 + 4 = k. List the prime factors of s.
17
Suppose -5*p - 20 = -0*p. Let a = p + 7. What are the prime factors of (a - 0)*(-30)/(-9)?
2, 5
Suppose 5*v - 3*v = 2. Let z = -2 - -5. Let a = z + v. What are the prime factors of a?
2
Let m = 137 - 29. What are the prime factors of m?
2, 3
Let v be (-4 - 3)/(2/4). Suppose 1 + 3 = 4*g. List the prime factors of -1 - g - v/1.
2, 3
Let f(z) = 2*z + 1. Let w be f(1). Suppose 0 = -m + 3*b - 9, 5 = -w*m + 3*b - 4. Suppose 0 = l - m*l - 9. List the prime factors of l.
3
Suppose 4*i - 2*j = 460, 0 = 5*i + 2*j - 671 + 114. List the prime factors of i.
113
Suppose 4*q + 3*o - 27 + 2 = 0, -2*o + 19 = 3*q. What are the prime factors of q?
7
Suppose 0 = 28*i - 5*i - 575. What are the prime factors of i?
5
Suppose y - 3*y - 3*a = -68, 4*y + 4*a - 144 = 0. Let k = y + -1. Suppose -2*n - 5*j + k = 0, 4 = 2*n - 3*j + j. What are the prime factors of n?
7
Let p(z) be the second derivative of -5/2*z**2 + 1/12*z**4 - 1/3*z**3 - 2*z + 0. What are the prime factors of p(4)?
3
Suppose -831 = -9*x + 5*x - 5*f, -5*f = 25. List the prime factors of x.
2, 107
Let o = -9 - -17. Let y = o - 4. List the prime factors of y.
2
Let b(j) = -j**3 + 28*j**2 - 26*j - 11. What are the prime factors of b(27)?
2
Let k(n) = 5*n**2 - 4*n - 1. List the prime factors of k(4).
3, 7
Let o be 8/12*54/4. Let x(r) = 2*r**2 - 12*r - 12. Let k be x(o). Suppose -2*f - k = -5*b + 2*f, 0 = -5*b - 5*f + 60. List the prime factors of b.
2, 5
Suppose 0 = -5*v - 94 + 24. Suppose -2*w = 3*s - 4*w + 91, -s - 17 = 2*w. Let z = v - s. What are the prime factors of z?
13
Let j = -57 + 111. List the prime factors of j.
2, 3
Let u(j) = 3*j + 2. Let r(k) = 11*k + 9. Let a(g) = -2*r(g) + 9*u(g). What are the prime factors of a(3)?
3, 5
What are the prime factors of 32/(-14)*28/(-8)?
2
Let q = 28 + 73. Suppose q + 109 = 4*w + c, 154 = 3*w - c. Suppose p - 5*p = -w. What are the prime factors of p?
13
Let w(v) be the third derivative of v**5/60 - 7*v**4/24 - 13*v**3/6 - v**2. List the prime factors of w(9).
5
Suppose -i + 4*x = 5*x - 167, 0 = -3*i - 4*x + 501. What are the prime factors of i?
167
Suppose -5*o + 356 = 111. List the prime factors of o.
7
Let k = 49 + 22. What are the prime factors of k?
71
Let h(s) be the second derivative of s**3/2 - s. List the prime factors of h(4).
2, 3
Suppose -921 = -3*d + 48. What are the prime factors of d?
17, 19
Let y(x) = -3*x + 59. What are the prime factors of y(-14)?
101
Let v be (-3 - -17)*(-3)/2. What are the prime factors of 4*(v/4)/(-3)?
7
List the prime factors of (16/(-20))/(3/(-90)).
2, 3
Suppose 22 - 1 = 3*u. Suppose -2*q - 48 = -4*z, 47 = u*z - 2*z + 4*q. What are the prime factors of z?
11
Suppose t - 2*t + 2*h = -3, -4*t = 5*h - 64. Let p = t + -6. Suppose 4*x = -5*w + p*x + 39, -2*w + 17 = x. List the prime factors of w.
2
Suppose 0 = -h + 16 + 2. List the prime factors of (2 - -1) + h - 3.
2, 3
Let h(c) = -2*c + 12. What are the prime factors of h(-10)?
2
Suppose 3*i = -i + 4. List the prime factors of (1 - 2 - i)*-10.
2, 5
List the prime factors of 0 - -93 - (2 - (-2 - -5)).
2, 47
Suppose 4*f + 134 = 2*p, -p - 19 = -f - 82. What are the prime factors of p?
59
Suppose 5*p + 25 = -5*s, 4*s + 10 = -2. Let w(o) = -11*o - 3. What are the prime factors of w(p)?
19
Let j(c) = c**2 - 13*c + 14. Let l be j(7). Let m(r) = -2*r**2 - 7*r - 1. Let p be m(-5). Let k = p - l. What are the prime factors of k?
2, 3
Let z(y) = -y**2 + 12*y - 3. Let t be z(5). Let c = t + -21. List the prime factors of c.
11
Let s(f) = 15*f - 10. What are the prime factors of s(6)?
2, 5
Let c(n) be the third derivative of -2*n**2 + 1/24*n**4 + 0*n + 1/3*n**3 + 0. List the prime factors of c(7).
3
Suppose 35 = 5*v - 30. Suppose 2*j + 10 = -3*t + j, -4*j = 3*t + v. List the prime factors of t/(-6) + (-5)/(-2).
3
Let p(h) = h. Let r be p(5). Let k be (-2 + 3)*(-6)/2. Let z = r + k. List the prime factors of z.
2
Let v(i) be the second derivative of i**3/2 - i**2/2 - 3*i. Let h be v(4). Suppose x - h - 5 = 0. What are the prime factors of x?
2
List the prime factors of 10*(-1)/6*-3.
5
Let a be (-1)/4 - (-1)/4. Suppose a = 2*l + 8*r - 3*r + 13, -12 = -3*l + 3*r. What are the prime factors of l/(-2)*40/(-4)?
5
Let o(f) = f**2 + 5*f + 6. Let r be (9/1)/((-6)/4). What are the prime factors of o(r)?
2, 3
Let d(s) = 3*s - 1. Let u be d(2). Suppose l + 4 = 2*o + 7, 3*o = u*l - 15. Suppose -2*b = -4*p + b + 35, o = -4*p - 3*b + 29. List the prime factors of p.
2
Suppose 2*p - 318 - 68 = 0. List the prime factors of p.
193
Let x(m) = -15*m - 12. Let g(t) = 5*t + 4. Let a(v) = 17*g(v) + 6*x(v). What are the prime factors of a(-5)?
3, 7
Suppose 11*l + 72 = 5*l. Let y = 19 + 1. Let f = y + l. What are the prime factors of f?
2
Let c = -17 - -26. List the prime factors of c.
3
Suppose 60 = -3*q - q. What are the prime factors of q*(6/(-5))/3?
2, 3
Suppose -3*l - 106 = -w - 6*l, w - 3*l - 112 = 0. List the prime factors of w.
109
Let w(u) = u**3 - 6*u**2 - 6*u. Let f be w(7). Let x(g) = 4*g - 10. List the prime factors of x(f).
2, 3
Let v = -1 + -7. What are the prime factors of (-174)/(-11) - v/44?
2
Let f be 69/15 - (-4)/10. What are the prime factors of f*((-49)/(-5) - 3)?
2, 17
Let i(j) be the first derivative of 11*j - 4*j**2 - 1 - 1/3*j**3. List the prime factors of i(-9).
2
Let b be 3/(-9) - (-10)/3. Let f(t) = t - 2 - b*t + 2*t - 4*t. List the prime factors of f(-2).
2, 3
Let n(o) = o - 6 + 1 + 12. List the prime factors of n(10).
17
Suppose 7*v = 3*v. Suppose -27 = 5*p + 2*b, -2*b - 12 + v = 2*p. Let h = 3 - p. What are the prime factors of h?
2
Suppose -16 = -d - 5*n, -4*n + 49 = 4*d + n. Let z = 15 - d. List the prime factors of (1 + 1)/(2/z).
2
Let b(f) = 2*f - 1. Let x be -2 - (5 - 2) - -1. Let a(k) = -k. Let n be a(x). What are the prime factors of b(n)?
7
Suppose -16 = 5*v - 116. List the prime factors of v.
2, 5
Let i = -25 - -47. Suppose -33 = 3*j + d, -27 - 5 = 2*j + 4*d. Let s = i + j. List the prime factors of s.
2, 3
Let i(n) = 2*n - 5. Let p be i(5). Suppose 5*m + 2*g - 7 = 0, 3*m + 4*g - 6 = m. Let w = p - m. List the prime factors of w.
2
Suppose -4*m + 33 = -3*q - 8, -5*q = 15. List the prime factors of m.
2
Suppose 4*r + 3*o + 1 = -3, -5*r + 22 = -3*o. What are the prime factors of 1*r/(6/21)?
7
List the prime factors of (0 + -435)/(-5) + 2.
89
Let z(f) = -f**2 - 4*f + 3 - 3 + f. Let a be z(-3). Suppose a = -3*x + 17 + 28. List the prime factors of x.
3, 5
Suppose 5*s - v = -3*v - 25, -3*v = -2*s + 9. Let o = 9 + -16. Let q = s - o. What are the prime factors of q?
2
Let u = 12 + 94. What are the prime factors of u?
2, 53
Suppose -11*t = -8*t - 42. List the prime factors of t.
2, 7
Suppose 0 = -5*b + 3*f + 9, b + 5*f = -0*b - 15. Suppose b = -5*q + 8 + 7. What are the prime factors of q?
3
Suppose -4*d - 16 = 0, 7 = -l - d + 45. List the prime factors of l.
2, 3, 7
Let n be (7/(-1))/(1 - 2). Let i = -13 + n. Let l = -1 - i. List the prime factors of l.
5
Suppose 0 = -2*h - 9 + 29. Suppose 0 = -3*x + x + h. Suppose 15 = x*r - 10. What are the prime factors of r?
5
Let r(d) = 24*d + 9. List the prime factors of r(5).
3, 43
Suppose 0 = -2*f + 3*q + 31, 2 + 2 = -4*q. Let h = f - 7. List the prime factors of h.
7
Suppose 0 = -0*t - 4*t. Suppose 4*m = 2*g - 3*g + 10, t = 5*g - 3*m - 50. List the prime factors of g.
2, 5
Let p(u) = -u**2 - 6*u - 8. Let o be p(-6). Let r = o + 18. What are the prime factors of r?
2, 5
Let u be -16 - (-1)/2*4. Let z = 30 + u. List the prime factors of z.
2
Suppose 37 = 7*a - 40. What are the prime factors of a?
11
Let o(z) = 11*z**2 + 5*z + 1. What are the prime factors of o(-2